 divisor of 162 and 44874?
162
What is the greatest common factor of 14427 and 63?
63
Calculate the greatest common divisor of 598 and 2714.
46
What is the greatest common divisor of 1032 and 12?
12
Calculate the greatest common divisor of 8349 and 69.
69
Calculate the highest common factor of 566 and 35375.
283
What is the greatest common factor of 400 and 325?
25
What is the highest common factor of 873 and 18?
9
What is the greatest common factor of 61 and 671?
61
What is the greatest common divisor of 68 and 2074?
34
What is the highest common factor of 477 and 99693?
477
What is the greatest common divisor of 2 and 334?
2
What is the greatest common divisor of 7 and 2240?
7
What is the highest common divisor of 137 and 1?
1
Calculate the highest common divisor of 3474 and 54.
18
Calculate the highest common divisor of 23 and 4.
1
Calculate the highest common factor of 116 and 145.
29
What is the highest common divisor of 1782 and 351?
27
Calculate the greatest common factor of 30 and 30.
30
What is the highest common divisor of 975 and 275?
25
Calculate the greatest common factor of 376 and 423.
47
What is the highest common factor of 1128 and 24?
24
Calculate the highest common factor of 105 and 15.
15
Calculate the greatest common factor of 2145 and 325.
65
Calculate the highest common divisor of 2070 and 966.
138
Calculate the greatest common divisor of 66 and 4488.
66
What is the highest common divisor of 2274 and 30?
6
What is the greatest common factor of 754 and 3712?
58
Calculate the highest common divisor of 5215 and 35.
35
What is the greatest common factor of 151 and 18271?
151
What is the greatest common divisor of 12762 and 18?
18
Calculate the highest common divisor of 5 and 83.
1
What is the highest common factor of 232 and 1798?
58
What is the greatest common factor of 4776 and 96?
24
Calculate the greatest common divisor of 150 and 6.
6
Calculate the greatest common factor of 24 and 2664.
24
What is the greatest common divisor of 378 and 98?
14
Calculate the greatest common factor of 102 and 255.
51
Calculate the highest common divisor of 49 and 245.
49
What is the greatest common divisor of 30533 and 19?
19
What is the greatest common factor of 5424 and 48?
48
What is the greatest common factor of 127 and 10541?
127
Calculate the greatest common factor of 72 and 648.
72
Calculate the greatest common factor of 9 and 72.
9
Calculate the greatest common divisor of 2 and 551.
1
What is the greatest common divisor of 1463 and 385?
77
What is the greatest common divisor of 7461 and 9?
9
Calculate the greatest common factor of 30 and 84.
6
Calculate the highest common factor of 48 and 18728.
8
Calculate the greatest common factor of 505 and 5.
5
What is the highest common divisor of 3283 and 21?
7
Calculate the greatest common divisor of 154 and 112.
14
What is the highest common divisor of 126 and 27?
9
What is the greatest common factor of 126 and 1458?
18
Calculate the greatest common factor of 294 and 84.
42
Calculate the highest common divisor of 833 and 2023.
119
Calculate the greatest common factor of 16 and 368.
16
Calculate the greatest common divisor of 86 and 4.
2
What is the highest common factor of 38 and 589?
19
What is the highest common factor of 99 and 1947?
33
What is the highest common factor of 8 and 61?
1
Calculate the greatest common factor of 28592 and 24.
8
What is the greatest common factor of 275 and 385?
55
Calculate the highest common factor of 155 and 372.
31
What is the greatest common divisor of 138 and 230?
46
What is the greatest common divisor of 1344 and 42?
42
Calculate the greatest common factor of 14 and 98.
14
Calculate the greatest common divisor of 1134 and 210.
42
Calculate the greatest common divisor of 34 and 5151.
17
Calculate the highest common divisor of 2691 and 46.
23
Calculate the highest common divisor of 28 and 4.
4
What is the highest common factor of 12 and 588?
12
What is the greatest common divisor of 987 and 42?
21
Calculate the greatest common factor of 80 and 64.
16
Calculate the greatest common divisor of 9213 and 83.
83
What is the greatest common divisor of 50 and 20?
10
What is the highest common divisor of 1232 and 28?
28
What is the greatest common divisor of 1152 and 128?
128
What is the greatest common factor of 55 and 1441?
11
Calculate the greatest common divisor of 675 and 25.
25
Calculate the greatest common factor of 20 and 20.
20
Calculate the highest common divisor of 4 and 4.
4
What is the greatest common divisor of 1241 and 803?
73
Calculate the highest common factor of 66 and 12.
6
What is the greatest common factor of 7804 and 4?
4
Calculate the highest common factor of 21 and 14406.
21
Calculate the greatest common factor of 4242 and 210.
42
What is the greatest common divisor of 2150 and 172?
86
What is the greatest common factor of 880 and 30?
10
What is the greatest common divisor of 24 and 8?
8
What is the highest common divisor of 552 and 2944?
184
Calculate the greatest common divisor of 266 and 21.
7
What is the greatest common divisor of 17 and 2108?
17
What is the highest common divisor of 3920 and 368?
16
What is the highest common divisor of 4125 and 33?
33
Calculate the greatest common divisor of 108 and 161676.
108
Calculate the highest common factor of 468 and 36.
36
What is the highest common factor of 24 and 64?
8
Calculate the highest common factor of 4 and 34.
2
Calculate the greatest common factor of 171 and 9.
9
Calculate the highest common divisor of 171 and 153.
9
Calculate the greatest common factor of 1710 and 90.
90
What is the greatest common divisor of 26 and 806?
26
Calculate the greatest common divisor of 528 and 22.
22
What is the highest common factor of 11350 and 50?
50
Calculate the highest common factor of 143 and 130.
13
What is the greatest common factor of 7 and 2?
1
What is the highest common factor of 4914 and 364?
182
What is the highest common factor of 3185 and 65?
65
Calculate the greatest common divisor of 96 and 18552.
24
What is the greatest common divisor of 17 and 85?
17
What is the greatest common factor of 228 and 1668?
12
Calculate the greatest common divisor of 31 and 899.
31
Calculate the highest common divisor of 2242 and 38.
38
Calculate the highest common divisor of 650 and 26.
26
Calculate the highest common factor of 405 and 15.
15
What is the greatest common factor of 7 and 28?
7
What is the highest common factor of 26 and 1027?
13
What is the greatest common factor of 40 and 60800?
40
Calculate the highest common factor of 11750 and 282.
94
Calculate the greatest common divisor of 4 and 1766.
2
Calculate the highest common factor of 43 and 3483.
43
Calculate the greatest common factor of 1106 and 28.
14
Calculate the greatest common divisor of 158 and 4.
2
What is the greatest common divisor of 8 and 3592?
8
What is the highest common divisor of 1154 and 6?
2
Calculate the greatest common factor of 1 and 3919.
1
What is the highest common factor of 775 and 31?
31
What is the highest common factor of 66 and 8734?
22
What is the greatest common factor of 82 and 2624?
82
What is the greatest common divisor of 25812 and 108?
108
Calculate the greatest common factor of 89 and 89.
89
What is the greatest common divisor of 24 and 112?
8
Calculate the highest common factor of 533 and 13.
13
What is the highest common factor of 756 and 84?
84
What is the highest common divisor of 5 and 1255?
5
Calculate the greatest common divisor of 5489 and 11.
11
What is the highest common divisor of 8687 and 238?
119
What is the greatest common divisor of 335 and 10?
5
What is the highest common factor of 126 and 1428?
42
Calculate the highest common factor of 2323 and 808.
101
What is the greatest common factor of 4477 and 37?
37
What is the highest common divisor of 26 and 4?
2
What is the highest common divisor of 1449 and 63?
63
What is the greatest common factor of 4578 and 84?
42
What is the highest common divisor of 5 and 47?
1
Calculate the highest common divisor of 286 and 22.
22
What is the greatest common divisor of 15 and 995?
5
What is the greatest common factor of 460 and 55?
5
What is the highest common divisor of 4895 and 165?
55
Calculate the highest common factor of 946 and 22.
22
What is t